 divide 35596812?
True
Is 211444350 a multiple of 975?
True
Is 22 a factor of 6972398?
False
Is 73 a factor of 33780677?
True
Does 12 divide 1193917908?
True
Is 1753983501 a multiple of 26?
False
Does 732 divide 448109172?
True
Is 957 a factor of 49066347?
True
Is 119448839 a multiple of 534?
False
Is 4977084 a multiple of 1351?
True
Does 2717 divide 159558131?
False
Does 360 divide 1998762191?
False
Is 2185 a factor of 457069225?
True
Is 178 a factor of 46903356?
True
Does 78 divide 107199612?
True
Is 35 a factor of 5333584489?
False
Is 8749440 a multiple of 168?
True
Is 50143170 a multiple of 245?
True
Does 13 divide 33736194?
False
Does 1911 divide 76634922?
True
Does 9 divide 14964666?
False
Is 12 a factor of 7576988?
False
Is 1084 a factor of 126587352?
True
Is 48617504 a multiple of 247?
True
Is 178 a factor of 9302280?
True
Is 33 a factor of 131025946?
False
Does 759 divide 15651629?
False
Is 6307 a factor of 1516789351?
True
Does 4 divide 14927682?
False
Does 7 divide 212791817?
True
Is 387354943 a multiple of 18?
False
Is 10 a factor of 995435477?
False
Is 253 a factor of 263670275?
True
Does 11 divide 5871415?
True
Is 98 a factor of 45357340?
True
Is 4642453238 a multiple of 13774?
False
Is 65940200 a multiple of 19?
False
Does 142 divide 56808814?
False
Is 27 a factor of 105373737?
True
Is 374052240 a multiple of 444?
True
Does 30 divide 341604164?
False
Does 48 divide 328335168?
True
Is 193229983 a multiple of 191?
False
Is 318 a factor of 2579715553?
False
Is 57117057 a multiple of 548?
False
Is 13633332 a multiple of 77?
False
Is 14614555 a multiple of 5?
True
Is 36 a factor of 32484600?
True
Does 3273 divide 289631043?
True
Is 13698039 a multiple of 1829?
False
Is 12178 a factor of 2205204418?
True
Is 291892786 a multiple of 71?
True
Does 16 divide 54617152?
True
Is 14 a factor of 1857005724?
True
Is 536 a factor of 2878892963?
False
Does 1552 divide 330881744?
True
Is 41322341 a multiple of 230?
False
Is 10622 a factor of 1054567997?
False
Is 1347945130 a multiple of 1487?
False
Is 730726640 a multiple of 340?
True
Does 241 divide 26935392?
False
Is 2927969100 a multiple of 126?
True
Is 2061765557 a multiple of 392?
False
Does 1692 divide 71446392?
True
Is 6001003605 a multiple of 3607?
False
Does 4 divide 2744167?
False
Is 33 a factor of 88747062?
False
Is 1399156322 a multiple of 232?
False
Is 19 a factor of 2592916498?
False
Is 35 a factor of 23951095?
True
Is 112247272 a multiple of 2554?
False
Is 21 a factor of 104223567?
True
Is 749948305 a multiple of 706?
False
Is 29367620 a multiple of 21?
False
Is 1028717455 a multiple of 655?
True
Is 2895336261 a multiple of 171?
True
Is 6 a factor of 1185681438?
True
Is 607 a factor of 1960257922?
False
Does 100 divide 105427500?
True
Does 18 divide 26728844?
False
Is 9039140 a multiple of 3?
False
Is 14 a factor of 142664348?
False
Does 25 divide 397085850?
True
Does 7 divide 201528362?
True
Is 24 a factor of 64020384?
True
Is 684 a factor of 81009235?
False
Is 2559444188 a multiple of 1148?
True
Is 258999486 a multiple of 774?
False
Is 3220 a factor of 552249320?
True
Is 19336832 a multiple of 608?
True
Does 5 divide 947721669?
False
Is 17131209 a multiple of 2468?
False
Does 4192 divide 159006752?
True
Does 7018 divide 180717748?
False
Does 11 divide 134959814?
True
Does 201 divide 88704030?
False
Does 1696 divide 14329798?
False
Does 132 divide 9392867?
False
Is 222 a factor of 54627984?
True
Is 105216375 a multiple of 275?
True
Is 105 a factor of 190830175?
False
Does 679 divide 621667330?
False
Does 281 divide 14821345?
True
Is 218230504 a multiple of 1634?
True
Is 3869279 a multiple of 1759?
False
Does 551 divide 9672805?
True
Is 195 a factor of 9852649?
False
Is 736 a factor of 102567654?
False
Is 139365952 a multiple of 352?
True
Is 5198 a factor of 813211506?
True
Does 70 divide 2624166720?
True
Is 14 a factor of 96093634?
True
Is 226659186 a multiple of 15?
False
Does 259 divide 4616416?
True
Does 1371 divide 739607485?
False
Is 6930 a factor of 741598486?
False
Does 28 divide 40559204?
True
Does 14 divide 53329878?
True
Does 2 divide 291159443?
False
Does 9 divide 32976295?
False
Does 1545 divide 551895630?
True
Is 697 a factor of 1724209561?
False
Does 90 divide 1234591997?
False
Is 5125 a factor of 411027575?
False
Is 216024842 a multiple of 197?
False
Does 188 divide 147518640?
False
Is 220340406 a multiple of 781?
True
Does 18 divide 7386453?
False
Does 2796 divide 122935529?
False
Is 125438460 a multiple of 105?
True
Does 3 divide 9151623?
True
Is 38701596 a multiple of 452?
True
Is 1551 a factor of 440823669?
True
Is 27 a factor of 20541816?
True
Is 917 a factor of 7145560207?
False
Is 829 a factor of 14612783?
True
Is 280140 a multiple of 138?
True
Does 26 divide 145794480?
True
Is 2440278170 a multiple of 11?
True
Does 54 divide 35053471?
False
Does 1003 divide 654731319?
True
Is 66186724 a multiple of 4?
True
Is 322 a factor of 129526201?
False
Is 7 a factor of 10780301?
True
Is 84148844 a multiple of 221?
True
Is 366435216 a multiple of 12?
True
Is 696057 a multiple of 5?
False
Is 2720844539 a multiple of 199?
False
Is 2299 a factor of 95171898?
False
Does 66 divide 83309823?
False
Is 553 a factor of 646820224?
False
Does 63 divide 77367654?
True
Does 203 divide 129300443?
False
Is 935 a factor of 351090630?
True
Is 200 a factor of 54810200?
True
Is 4135 a factor of 278715777?
False
Is 33763806 a multiple of 129?
False
Does 36 divide 8475192?
True
Is 1259455416 a multiple of 2610?
False
Does 28 divide 1953607986?
False
Is 342038554 a multiple of 26?
True
Is 71302080 a multiple of 102?
True
Does 241 divide 128701110?
False
Does 41 divide 22522981?
True
Does 116 divide 684605356?
False
Is 30813676 a multiple of 15?
False
Is 409 a factor of 1015755481?
False
Is 4612896 a multiple of 9?
True
Is 2 a factor of 36369690?
True
Does 1166 divide 319765810?
False
Does 9 divide 278424242?
False
Does 802 divide 220338296?
False
Is 145795500 a multiple of 5430?
True
Is 237419557 a multiple of 1111?
False
Does 3933 divide 386495910?
True
Is 1750 a factor of 98350000?
True
Does 31 divide 345775426?
True
Does 500 divide 53147500?
True
Does 65 divide 81558383?
False
Does 27 divide 18052129?
False
Is 137 a factor of 16480787?
False
Is 391041403 a multiple of 378?
False
Is 26282859 a multiple of 69?
True
Is 21356048 a multiple of 274?
False
Does 45 divide 11072925?
True
Does 11 divide 460274497?
False
Is 90629455 a multiple of 331?
True
Is 10843557 a multiple of 34?
False
Is 36300972 a multiple of 212?
True
Is 58 a factor of 66919820?
True
Is 240 a factor of 59265120?
True
Does 19 divide 1255153973?
False
Does 3569 divide 75880509?
True
Is 2579 a factor of 61988844?
True
Does 18 divide 2444836068?
True
Does 344 divide 45727304?
False
Is 59 a factor of 22693111?
True
Is 15 a factor of 92313257?
False
Is 1016 a factor of 2067734854?
False
Is 101 a factor of 64191236?
False
Does 789 divide 29595390?
True
Is 1593363232 a multiple of 8?
True
Is 279 a factor of 511906689?
True
Is 7 a factor of 24269781?
False
Does 260 divide 81610360?
True
Is 353570729 a multiple of 2041?
False
Does 13 divide 3028682398?
False
Is 12 a factor of 68598461?
False
Is 929 a factor of 236999935?
False
Is 1773882 a multiple of 11?
True
Is 27 a factor of 216201416?
False
Is 144 a factor of 270080238?
False
Is 1819 a factor of 532984493?
False
Is 1309349270 a multiple of 597?
False
Is 541519038 a multiple of 6?
True
Is 783949339 a multiple of 17?
True
Is 5803 a factor of 172198222?
True
Is 498789210 a multiple of 4415?
False
Does 41 divide 55755408?
True
Is 217199396 a multiple of 92?
True
Does 224 divide 505311980?
False
Does 9 divide 80585412?
False
Does 32 divide 296232439?
False
Is 127 a factor of 364564775?
False
Is 485 a factor of 940900?
True
Is 45222007 a multiple of 401?
False
Does 44 divide 1392577752?
False
Does 60 divide 1735182703?
False
Is 1383553560 a multiple of 16?
False
Is 294870620 a multiple of 220?
True
Is 36797419 a multiple of 109?
True
Does 25 divide 1263103600?
True
Does 10 divide 2435888179?
False
Is 2293453748 a multiple of 16?
False
Does 360 divide 14971320?
True
Is 166 a factor of 38145140?
True
Is 16 a factor of 35275140?
False
Does 34 divide 93860842?
True
Is 675 a factor of 4